{"id":67,"date":"2020-06-20T18:21:55","date_gmt":"2020-06-20T16:21:55","guid":{"rendered":"https:\/\/www.flutgrabenperformances.org\/?page_id=67"},"modified":"2025-12-02T17:24:23","modified_gmt":"2025-12-02T16:24:23","slug":"about","status":"publish","type":"page","link":"https:\/\/www.flutgrabenperformances.org\/","title":{"rendered":"About Us"},"content":{"rendered":"<p><em>Flutgraben Performances<\/em> was initiated and run in 2019 by artists <a href=\"https:\/\/clementlayes.com\/\">Cl\u00e9ment Layes<\/a>, <a href=\"https:\/\/www.moritzmajce.com\">Moritz Majce<\/a>, <a href=\"https:\/\/adamman.com\">Adam (aka Sandra) Man<\/a> and <a href=\"https:\/\/www.jasnavinovrski.com\">Jasna L. Vinovr\u0161ki<\/a>. Every year we invited 6\u20138 artists to participate in one season.<\/p>\n<p><em>Flutgraben Performances<\/em> was a series of events located at Public in Private studio and other spaces at Flutgraben, an artist-run studio building in Berlin Treptow. It was dedicated to the exploration, growth and transformation of live art. Each year a group of 10-12 artists came together regularly to work and perform together. Individually the artists followed their own artistic tracks without any limits in form and content. They used the time to test, develop, re-think and discuss their artistic practices and believes. On a collective level the group invented new forms of meeting the public, aiming for an encounter of artist, art work and art lover as a fertile, intimate and joyful act.<\/p>\n<p>From 2020 to 2024 we ran the artist-in-residence program <em>Flutgraben Performances Residencies<\/em> that allowed artists to create and research at the homebase of <em>Flutgraben Performances<\/em>, the Flutgraben artists\u2019 house in Berlin. Each artist could work for the period of one month, according to the research, exploration, practice or project they are aiming to deepen or develop.<\/p>\n<p>Since early 2021 <em>Flutgraben Performances Residencies<\/em> was run by Cl\u00e9ment Layes, Moritz Majce and Adam (aka Sandra) Man. Production and organisation management was done by Tiphaine Carr\u00e8re Loquet. <em>Flutgraben Performances Residencies<\/em> wass funded by the Berlin Senate Department for Culture and Europe from 2019\u20132024. <\/p>\n<p><em>Flutgraben Performances Residencies:<\/em><\/p>\n<p><strong>Invited Artists 2024<\/strong><\/p>\n<p>Mahsa Saloor <small>(April 2024)<\/small><br \/>\n<a href=\"https:\/\/www.coreyscottgilbert.com\">Corey Scott Gilbert<\/a> <small>(March 2024)<\/small><br \/>\n<a href=\"https:\/\/www.instagram.com\/xiaolonglong_?igsh=MTRwbmRvc282ZjZsaQ==\">Mei Bao<\/a> <small>(March 2024)<\/small><br \/>\n<a href=\"https:\/\/www.instagram.com\/cintiarangelinmovimento\/reels\/\">Cintia Rangel<\/a> <small>(February 2024)<\/small><\/p>\n<p><strong>Invited Artists 2023<\/strong><\/p>\n<p><a href=\"http:\/\/www.emilertl.com\">Emil Ertl<\/a> <small>(August 2023)<\/small><br \/>\n<a href=\"http:\/\/www.zuntukyun.com\">jee chan<\/a> <small>(July\/August 2023)<\/small><br \/>\n<a href=\"https:\/\/www.laurieyoung.org\">Laurie Young<\/a> <small>(May\/June 2023)<\/small><br \/>\nMica <small>(April 2023)<\/small><br \/>\n<a href=\"https:\/\/zrinkauzbinec.com\">Zrinka U\u017ebinec<\/a> + Kasia Kania <small>(January\/February 2023)<\/small><\/p>\n<p><strong>Invited Artists 2022<\/strong><\/p>\n<p><a href=\"http:\/\/moraisguilherme.com\/\">Guilherme Morais<\/a> <small>(November\/December 2022)<\/small><br \/>\n<a href=\"https:\/\/nasheekanedsreal.com\">Nasheeka Nedsreal<\/a> <small>(August\/September 2022)<\/small><br \/>\n<a href=\"https:\/\/anabisbicus.site\">Ana Maria Rodriguez Bisbicus<\/a> <small>(July 2022)<\/small><br \/>\nAnna Konrad + <a href=\"https:\/\/romualdkrezel.com\">Romuald Kr\u0119\u017cel<\/a> <small>(April\/May 2022)<\/small><\/p>\n<p><strong>Invited Artists 2021<\/strong><\/p>\n<p><a href=\"https:\/\/7y2.net\/\">Michiyasu Furutani<\/a> <small>(December 2021)<\/small><br \/>\n<a href=\"http:\/\/colettesadler.com\">Colette Sadler<\/a> <small>(September 2021)<\/small><br \/>\nGabrielle Curebal + <a href=\"https:\/\/djibrilsall.net\">Djibril Sall<\/a> <small>(August 2021)<\/small><br \/>\n<a href=\"https:\/\/moran.sanderovich.com\">Moran Sanderovich<\/a> <small>(July 2021)<\/small><br \/>\n<a href=\"https:\/\/vimeo.com\/user63341553\">Sharon Mercado Nogales<\/a> <small>(April\/May 2021)<\/small><br \/>\n<a href=\"https:\/\/www.isaiahlopaz.com\/\">Isaiah Lopaz<\/a> <small>(April 2021)<\/small><\/p>\n<p><strong>Invited Artists 2020<\/strong><\/p>\n<p><a href=\"https:\/\/www.paulinepayen.net\">Pauline Payen<\/a> <small>(November\/December 2020)<\/small><br \/>\n<a href=\"https:\/\/ivankatramp.tumblr.com\">Ivan Bj\u00f6rn Ekemark<\/a> <small>(October\/November 2020)<\/small><\/p>\n<p><em>Flutgraben Performances:<\/em><\/p>\n<p><strong>Invited Artists 2020<\/strong><\/p>\n<p><a href=\"https:\/\/www.ponderosa-dance.de\/teachers-facilitators-and-artists-2020.html\">Asaf Aharonson<\/a><br \/>\n<a href=\"https:\/\/www.christinaciupke.com\/\">Christina Ciupke<\/a><br \/>\n<a href=\"https:\/\/jeftavandinther.comm\">Jefta van Dinther<\/a><br \/>\n<a href=\"https:\/\/www.stella-geppert.de\/\">Stella Geppert<\/a><br \/>\n<a href=\"http:\/\/www.jaredgradinger.com\/\">Jared Gradinger<\/a><br \/>\n<a href=\"http:\/\/millakoistinen.net\">Milla Koistinen<\/a><br \/>\n<a href=\"http:\/\/www.sergiumatis.com\">Sergiu Matis<\/a><br \/>\n<a href=\"https:\/\/ixchelmendozahernandez.weebly.com\">Ixchel Mendoza Hernandez<\/a><\/p>\n<p><strong>Invited Artists 2019<\/strong><\/p>\n<p><a href=\"https:\/\/cecilebally.com\">C\u00e9cile Bally <\/a><br \/>\n<a href=\"https:\/\/charliefouchier.org\">Charlie Fouchier<\/a><br \/>\n<a href=\"https:\/\/msgudjonsdottir.com\">Margr\u00e9t Sara Gu\u00f0j\u00f3nsd\u00f3ttir<\/a><br \/>\n<a href=\"http:\/\/www.make-up-productions.net\/pages\/people\/arantxa-martinez.php\n\">Arantxa Mart\u00ednez<\/a><br \/>\n<a href=\"https:\/\/uriturkenich.wordpress.com\/bio\/\">Uri Turkenich<\/a><br \/>\n<a href=\"https:\/\/shorthope.org\">Andr\u00e9 Uerba<\/a><\/p>\n","protected":false},"excerpt":{"rendered":"<p>Flutgraben Performances was initiated and run in 2019 by artists Cl\u00e9ment Layes, Moritz Majce, Adam (aka Sandra) Man and Jasna L. Vinovr\u0161ki. Every year we invited 6\u20138 artists to participate in one season. Flutgraben Performances was a series of events located at Public in Private studio and other spaces at Flutgraben, an artist-run studio building&hellip;<\/p>\n","protected":false},"author":1,"featured_media":0,"parent":0,"menu_order":0,"comment_status":"closed","ping_status":"closed","template":"","meta":{"footnotes":""},"class_list":["post-67","page","type-page","status-publish","hentry"],"_links":{"self":[{"href":"https:\/\/www.flutgrabenperformances.org\/index.php?rest_route=\/wp\/v2\/pages\/67","targetHints":{"allow":["GET"]}}],"collection":[{"href":"https:\/\/www.flutgrabenperformances.org\/index.php?rest_route=\/wp\/v2\/pages"}],"about":[{"href":"https:\/\/www.flutgrabenperformances.org\/index.php?rest_route=\/wp\/v2\/types\/page"}],"author":[{"embeddable":true,"href":"https:\/\/www.flutgrabenperformances.org\/index.php?rest_route=\/wp\/v2\/users\/1"}],"replies":[{"embeddable":true,"href":"https:\/\/www.flutgrabenperformances.org\/index.php?rest_route=%2Fwp%2Fv2%2Fcomments&post=67"}],"version-history":[{"count":87,"href":"https:\/\/www.flutgrabenperformances.org\/index.php?rest_route=\/wp\/v2\/pages\/67\/revisions"}],"predecessor-version":[{"id":944,"href":"https:\/\/www.flutgrabenperformances.org\/index.php?rest_route=\/wp\/v2\/pages\/67\/revisions\/944"}],"wp:attachment":[{"href":"https:\/\/www.flutgrabenperformances.org\/index.php?rest_route=%2Fwp%2Fv2%2Fmedia&parent=67"}],"curies":[{"name":"wp","href":"https:\/\/api.w.org\/{rel}","templated":true}]}}

<p><em>Flutgraben Performances</em> was initiated and run in 2019 by artists <a href="https://clementlayes.com/">Clément Layes</a>, <a href="https://www.moritzmajce.com">Moritz Majce</a>, <a href="https://adamman.com">Adam (aka Sandra) Man</a> and <a href="https://www.jasnavinovrski.com">Jasna L. Vinovrški</a>. Every year we invited 6–8 artists to participate in one season.</p>
<p><em>Flutgraben Performances</em> was a series of events located at Public in Private studio and other spaces at Flutgraben, an artist-run studio building in Berlin Treptow. It was dedicated to the exploration, growth and transformation of live art. Each year a group of 10-12 artists came together regularly to work and perform together. Individually the artists followed their own artistic tracks without any limits in form and content. They used the time to test, develop, re-think and discuss their artistic practices and believes. On a collective level the group invented new forms of meeting the public, aiming for an encounter of artist, art work and art lover as a fertile, intimate and joyful act.</p>
<p>From 2020 to 2024 we ran the artist-in-residence program <em>Flutgraben Performances Residencies</em> that allowed artists to create and research at the homebase of <em>Flutgraben Performances</em>, the Flutgraben artists’ house in Berlin. Each artist could work for the period of one month, according to the research, exploration, practice or project they are aiming to deepen or develop.</p>
<p>Since early 2021 <em>Flutgraben Performances Residencies</em> was run by Clément Layes, Moritz Majce and Adam (aka Sandra) Man. Production and organisation management was done by Tiphaine Carrère Loquet. <em>Flutgraben Performances Residencies</em> wass funded by the Berlin Senate Department for Culture and Europe from 2019–2024. </p>
<p><em>Flutgraben Performances Residencies:</em></p>
<p><strong>Invited Artists 2024</strong></p>
<p>Mahsa Saloor <small>(April 2024)</small><br />
<a href="https://www.coreyscottgilbert.com">Corey Scott Gilbert</a> <small>(March 2024)</small><br />
<a href="https://www.instagram.com/xiaolonglong_?igsh=MTRwbmRvc282ZjZsaQ==">Mei Bao</a> <small>(March 2024)</small><br />
<a href="https://www.instagram.com/cintiarangelinmovimento/reels/">Cintia Rangel</a> <small>(February 2024)</small></p>
<p><strong>Invited Artists 2023</strong></p>
<p><a href="http://www.emilertl.com">Emil Ertl</a> <small>(August 2023)</small><br />
<a href="http://www.zuntukyun.com">jee chan</a> <small>(July/August 2023)</small><br />
<a href="https://www.laurieyoung.org">Laurie Young</a> <small>(May/June 2023)</small><br />
Mica <small>(April 2023)</small><br />
<a href="https://zrinkauzbinec.com">Zrinka Užbinec</a> + Kasia Kania <small>(January/February 2023)</small></p>
<p><strong>Invited Artists 2022</strong></p>
<p><a href="http://moraisguilherme.com/">Guilherme Morais</a> <small>(November/December 2022)</small><br />
<a href="https://nasheekanedsreal.com">Nasheeka Nedsreal</a> <small>(August/September 2022)</small><br />
<a href="https://anabisbicus.site">Ana Maria Rodriguez Bisbicus</a> <small>(July 2022)</small><br />
Anna Konrad + <a href="https://romualdkrezel.com">Romuald Krężel</a> <small>(April/May 2022)</small></p>
<p><strong>Invited Artists 2021</strong></p>
<p><a href="https://7y2.net/">Michiyasu Furutani</a> <small>(December 2021)</small><br />
<a href="http://colettesadler.com">Colette Sadler</a> <small>(September 2021)</small><br />
Gabrielle Curebal + <a href="https://djibrilsall.net">Djibril Sall</a> <small>(August 2021)</small><br />
<a href="https://moran.sanderovich.com">Moran Sanderovich</a> <small>(July 2021)</small><br />
<a href="https://vimeo.com/user63341553">Sharon Mercado Nogales</a> <small>(April/May 2021)</small><br />
<a href="https://www.isaiahlopaz.com/">Isaiah Lopaz</a> <small>(April 2021)</small></p>
<p><strong>Invited Artists 2020</strong></p>
<p><a href="https://www.paulinepayen.net">Pauline Payen</a> <small>(November/December 2020)</small><br />
<a href="https://ivankatramp.tumblr.com">Ivan Björn Ekemark</a> <small>(October/November 2020)</small></p>
<p><em>Flutgraben Performances:</em></p>
<p><strong>Invited Artists 2020</strong></p>
<p><a href="https://www.ponderosa-dance.de/teachers-facilitators-and-artists-2020.html">Asaf Aharonson</a><br />
<a href="https://www.christinaciupke.com/">Christina Ciupke</a><br />
<a href="https://jeftavandinther.comm">Jefta van Dinther</a><br />
<a href="https://www.stella-geppert.de/">Stella Geppert</a><br />
<a href="http://www.jaredgradinger.com/">Jared Gradinger</a><br />
<a href="http://millakoistinen.net">Milla Koistinen</a><br />
<a href="http://www.sergiumatis.com">Sergiu Matis</a><br />
<a href="https://ixchelmendozahernandez.weebly.com">Ixchel Mendoza Hernandez</a></p>
<p><strong>Invited Artists 2019</strong></p>
<p><a href="https://cecilebally.com">Cécile Bally </a><br />
<a href="https://charliefouchier.org">Charlie Fouchier</a><br />
<a href="https://msgudjonsdottir.com">Margrét Sara Guðjónsdóttir</a><br />
<a href="http://www.make-up-productions.net/pages/people/arantxa-martinez.php
">Arantxa Martínez</a><br />
<a href="https://uriturkenich.wordpress.com/bio/">Uri Turkenich</a><br />
<a href="https://shorthope.org">André Uerba</a></p>

<p>Flutgraben Performances was initiated and run in 2019 by artists Clément Layes, Moritz Majce, Adam (aka Sandra) Man and Jasna L. Vinovrški. Every year we invited 6–8 artists to participate in one season. Flutgraben Performances was a series of events located at Public in Private studio and other spaces at Flutgraben, an artist-run studio building&hellip;</p>
